-21
-20
(-705 - -678) + (40 - 2)
11
What is -7 + (1 - (2 + -17 - -6))?
3
What is -14 - ((9 - 19) + 0 + 14)?
-18
Calculate (-4 + -5 - 0) + (-17 - -7 - -9).
-10
(22 - 13 - 56) + 20
-27
(-3 - -1 - (2 - (6 - 9))) + 7
0
Calculate 12 + -12 + 13 + -20.
-7
What is -1 - 2 - (-4 + (-11 - -10) + -11)?
13
(-1 + (0 - -4) - -2) + (36 - 39)
2
Evaluate (-10 - 0) + (5 - -17 - 17).
-5
-11 - (-10 - (8 + -6))
1
What is -2 + -11 - (-1 + -21 - -8)?
1
Evaluate -10 + 16 + (-9 + 1 - -9).
7
What is the value of 29 + -12 + -13 - -8 - 12?
0
What is the value of -14 - -36 - 14 - -7?
15
What is the value of (-2 - 0) + -33 + (12 - -1)?
-22
What is the value of -9 + -13 + 11 + 2 + -2?
-11
What is (13 - -2) + (441 - 450)?
6
Evaluate 3 - -1 - (0 + 15 - (1 + 15)).
5
Evaluate (27 + 16 + -27 - (-2 - -1)) + -8.
9
-24 - (-36 + 64 - 64)
12
What is the value of (-7 - 19) + 23 + (-1 - 7)?
-11
Calculate (4 - 0) + (50 - 44) + 0 + -8.
2
21 + -40 + 24 - ((-1 - 0) + -3)
9
Evaluate 5 + 0 - (-7 + 20) - (21 + -29).
0
2 + 1 - (3 + 15 - 11) - -19
15
Evaluate -5 + (2 - 5) + (6 - -11) + -17.
-8
-25 + (29 - (31 - 26))
-1
Evaluate -137 + 139 + (0 - -1).
3
What is -524 + 539 + (8 + -2 - -4)?
25
-12 + -1 + (13 - (46 + -16))
-30
Evaluate (-19 - -23) + 2 + -11.
-5
What is the value of -2 - -21 - (1 + 1 + -6 + 10)?
13
Calculate -13 + (-1 + -2 - (-7 - -1)) + -3.
-13
Calculate 27 + -10 + (-23 + 13 - -16).
23
What is the value of 2 + -1 - (11 - (0 - (15 + -6)))?
-19
Calculate 4 + 12 + -4 - (3 + 6 + -7).
10
Evaluate (12 - (7 - (-3 + 7))) + 11.
20
What is -1 + -2 - (-2 - (-3 - (11 + -9)))?
-6
What is the value of (-15 - 1) + 6 + -8 + 8 + -4?
-14
11 + (-6 - -3) - (-12 + 15) - 0
5
What is the value of 4 + (1 + -5 - -20)?
20
What is 1 + 4 - ((26 - 43) + 25) - -4?
1
(0 - 7) + 43 + -32 - (5 + 0)
-1
What is 20 - (-19 + 38) - (7 + -1)?
-5
What is the value of -6 + (35 + -25 - (-14 - -2))?
16
Evaluate (1 + -2 - -18) + -14.
3
What is the value of 1 - ((-14 - -14) + -22) - 3?
20
What is the value of -17 - (8 + (-12 - -13) + -8)?
-18
What is (16 + -3 - 2) + 4 + 0?
15
Calculate -28 - (33 + -28 - 73).
40
What is the value of (-30 - -48) + -12 - (5 - 2)?
3
Calculate (-5 + -1 - (-53 - -52)) + 4 - 4.
-5
Evaluate -74 + 71 + -1 + 4.
0
Calculate -13 + 0 + -12 + 24.
-1
Calculate (1 - 20) + 2 + -5 + 8.
-14
-2 - ((2 - 9) + (-24 - -7 - -17))
5
What is the value of 0 + 10 + 2 - (170 + -179)?
21
2 + -9 + (4 + -6 - (-1 + -3))
-5
What is the value of -39 - -31 - (-9 - -1)?
0
What is the value of -27 - (-2 - (21 - 21))?
-25
(0 - 0 - 1) + -7 + 14 + -17
-11
-12 + 3 + -11 + 14
-6
Calculate 10 + (11 - 23) + (-5 - -1).
-6
31 - 30 - (-3 - (-4 - -3) - -7)
-4
Evaluate -1 + -7 + 13 + -2 + -13.
-10
What is the value of -235 + 224 + (-2 - (-1 + 1 + -1))?
-12
What is 1 + (-6 + 11 - (3 - 1))?
4
-17 + -4 - ((-13 - -5) + 3)
-16
-5 + (15 - (-12 + 6 - 0))
16
Calculate -3 + 1 + 8 + -14 + 21.
13
Calculate 4 - (-10 - (-15 - -5)).
4
Calculate 18 - ((-30 - -19) + (11 - -3)).
15
What is 8 + -6 - -5 - (3 + 5)?
-1
What is the value of 22 + -6 + 13 + 0 + 0 + 3?
32
Evaluate 12 + -25 - (5 - 38).
20
What is 3 - (-13 + (2 - -13)) - (1 + -6)?
6
What is the value of -4 + (-43 - -39 - (2 + 3 + -3))?
-10
Evaluate -133 + 126 + 14 + 3.
10
What is the value of 0 + -4 + (0 - (-4 + -6))?
6
Calculate -1127 + 1169 - (0 + 33).
9
Calculate -10 + (-34 - -16 - -19).
-9
Evaluate -40 + 41 - (17 - 15).
-1
What is the value of (27 + -15 - -10) + (-1 + 18 - 5)?
34
What is (108 - 88) + (-1 - 11) - 12?
-4
Calculate 478 + -497 - (-20 + 1).
0
(13 - -9) + 2 + -3 + -5 + -6
10
Calculate 6 + -4 + (7 - 14 - -11) - 12.
-6
What is the value of 0 - -4 - (12 + -11 + 2 + -8)?
9
What is the value of (-4 - 13) + -1 + (-3 - -17)?
-4
Evaluate (44 - (-36 + 68)) + 3.
15
What is (-900 - -889) + (1 + 0 + -1 - -4)?
-7
What is the value of 20 - (-1 - -18) - (-6 + 1)?
8
Calculate -51 + 58 + (0 - 10).
-3
Calculate -2 - (-5 - -24 - (6 + 1 - -1)).
-13
What is 18 + -33 + 10 + 40?
35
Evaluate -3 + (0 - (-13 - (-16 + 8))).
2
What is the value of (-3 - (-8 + 2)) + -1 + (-17 - -6)?
-9
What is -34 + (28 - 9) + 20?
5
(-29 - -10) + 21 + 8
10
Evaluate 3 + (1 - (-4 + 2)) - (-3 - -4).
5
Calculate (31 + -28 - (-5 + -1)) + -2 + 4.
11
Calculate -14 + (-13 - -2) - -14.
-11
What is (6 + -1 + 1 + 6 - 2) + -3?
7
Calculate -4 - ((-4 - 10) + -4 + 10 - -15).
-11
Evaluate 4 - (4 - 0 - (3 + -6)).
-3
Evaluate -46 - -44 - (-2 + -3).
3
-2 + -1 + 1 + -7 + -317 + 325
-1
Calculate -10 - (0 - 6) - (-1 - 18).
15
Calculate -1 + -5 - (-90 - -110).
-26
Calculate -2 + 1 + 1 + (17 - 21 - -9).
5
-8 + -6 + 17 + 17 + -3 + 13
30
Evaluate (-9 - ((-2 - -2) + -5 - 2)) + 3.
1
Calculate (1 - 0 - 8) + 13 + -5 + 0.
1
Evaluate (3 - -1) + 2 + -3.
3
Evaluate (9 - -6) + -12 - -10.
13
Calculate (14 - (66 + -33)) + 5 + 1.
-13
-10 - 0 - (58 + -44 + 0 + -7)
-17
(5 - 3) + -8 - (8 + (-6 - 0))
-8
What is -9 + 0 + (-15 - -8 - -8 - 6)?
-14
Calculate -7 - (13 - 40 - 5).
25
What is -10 - (8 + (-2 - 10)) - -3?
-3
-56 + 44 + 6 + 3 + 16
13
-1 - -8 - (-8 - 8 - -41)
-18
Calculate -3 + -3 + 5 - 3 - -1.
-3
What is -15 + 9 + (13 - 45) + 11?
-27
Calculate (0 - (-3 + -4)) + -24.
-17
What is -14 - (3 + (4 - 6) + (3 - 0))?
-18
What is -15 - (-35 + 30 - (-1 - 3))?
-14
Calculate (15 - (20 + -34 - -43)) + 10.
-4
-5 - (-5 - -7) - (-23 + 23 + -23)
16
What is -11 + (7 - 32) + 73?
37
Evaluate -44 + 61 + -6 + (0 - (-1 - -5)).
7
Calculate (-315 - -270) + 1 + 53.
9
What is the value of (4 + (-10 - -11) - 5) + 15?
15
(-2 + 2 - (-2 + 9 + -1)) + 9
3
What is 0 + -1 + 4 + (-15 - -9) - -5?
2
Evaluate -16 + 1 - (27 - 48 - -21).
-15
What is -7 - (0 - -36 - (98 + -87))?
-32
What is -11 - ((5 - 10) + -16)?
10
Evaluate 0 + 17 + -41 + 2.
-22
What is (8 - -13) + 2 + -13?
10
1 + -11 - (73 - (19 - -61))
-3
12 + -5 - (34 + -9)
-18
What is -5 + (7 + -9 + 3 - 0) + -13?
-17
What is -3 - -4 - 1 - (112 - 114)?
2
What is the value of -11 - -3 - -3 - (3 - -7)?
-15
38 - 75 - (5 + -11)
-31
What is the value of 17 + (-8 - (27 + 1)) + -12?
-31
What is the value of 6 - ((0 + -1 - (-21 - -25)) + -6)?
17
What is -27 + (-5 - (-8 - -7)) - -12?
-19
What is 18 - (-10 - -13 - -14)?
1
What is 16 + -15 - -4 - -5?
10
What is the value of -2 + (2 + -2 - (-12 - -1))?
9
What is -8 + 33 + -17 - -4?
12
What is the value of -1 - -1 - (0 - 5 - 8)?
13
Calculate -28 + (-28 - -49 - -19).
12
Evaluate (-18 - (-9 - 28)) + 5.
24
Evaluate 1 + 22 + (-61 - -41).
3
What is 209 + -200 + (-1 - 13)?
-5
What is the value of -8 + 1 - (5 - (-10 - (-36 + 6)))?
8
Evaluate -20 + (3 + 0 - -6) + -1.
-12
Evaluate (6 - (10 + 6 + -7)) + -2 + 12.
7
-23 + 14 + -16 + 5 + 0
-20
Calculate 12 - (17 - 6 - (3 - 1)).
3
Evaluate (34 - 29) + 18 + -36.
-13
Calculate 13 + -14 + -1 + 1.
-1
20 - (-14 - (-18 - (-5 + -7)) - -9)
19
15 + -29 - ((6 - -11) + -28)
-3
What is the value of -6 + ((-3 - -4) + -2 - -5)?
-2
What is 26 + -25 - ((2 - 10) + 2)?
7
3 - ((-5 - 1) + (7 - 18 - -23))
-3
Evaluate 6 + 0 - (-8 + (18 - 3 - 8)).
7
Evaluate -7 + 1 + (-3 - -2 - 1 - 2).
-10
Calculate -14 + (-1 + 0 - -8) + (-1000 - -1000).
-7
What is -12 + 4 + 2 + -6 + 10 + -4?
-6
Evaluate -8 + -1 + (-29 - (0 - 13)).
-25
What is the value of (0 - -13) + 1 - (5 - (-18 - -21))?
12
Evaluate -35 + 58 + -24 + (-2 - (1 - -8)).
-12
(8 - 12) + 13 + -27
-18
Evaluate (1 - 6) + 58 + -46 + (-14 - -2).
-5
Evaluate -16 + 2 + 139 + -122.
3
(-8 + 14 - 12) + (20 - (-4 - -8))
10
Calculate (2 - 2) + -11 - (65 + -65).
-11
Evaluate 15 - (0 - (-5 - 2)).
8
What is -3 + 0 + (3 - (-7 + 6) - 7)?
-6
(-24 - 37) + 54 + 10 + -1
2
-26 - (-30 + 46 - 42)
0
What is -12 + 4 + (13 - -6)?
11
Calculate (-22 - -3 - -7) + 17 + (5 - 1).
9
3 + (11 + -5 + 0 - -6) + -6
9
Evaluate 31 - (17 - 2) - 22.
-6
Calculate -135 + 115 + 13 + 2.
-5
-6 + 0 + 38 - (40 + -36)
28
What is (-27 - -17) + 16 + -14?
-8
What is the value of -17 - (10 - 10) - -33?
16
-3 + (-5 - (-2 + -5)) + -9
-10
Evaluate (-29 - (7 + (-20 - 5))) + 0 + -10.
-21
Calculate 3 + -8 - (-18 + 4 + (5 - 4)).
8
-9 - (-11 + 32) - (-2 - 5)
-23
((3 - -2) + 1 - (6 + -8)) + -6
2
Evaluate (3 - (-19 + 30)) + (-2 - (2 - 8)).
-4
Evaluate -8 - -15 - (-1 + 26 - (26 + -23)).
-15
What is 7 - ((-3 - 7) + 12)?
5
What is (10 - (15 - 8) - 6) + 17?
14
What is the value of 46 + (4 - (48 + -20))?
22
What is the value of -9 + (8 - 16 - (-7 - 1))?
-9
What is the value of (0 - 24) + (34 - 19)?
-9
(-10 - (-13 + 7)) + (